ommon factor of 309 and 103.
103
Calculate the highest common factor of 1176 and 24.
24
What is the greatest common factor of 9 and 486?
9
Calculate the greatest common divisor of 18 and 906.
6
Calculate the greatest common factor of 140 and 224.
28
What is the highest common factor of 464 and 58?
58
What is the highest common factor of 2 and 364?
2
What is the highest common divisor of 52 and 442?
26
Calculate the highest common factor of 432 and 1998.
54
Calculate the greatest common factor of 5300 and 125.
25
What is the highest common factor of 19 and 133?
19
Calculate the greatest common divisor of 123 and 48052.
41
What is the greatest common factor of 81 and 369?
9
What is the greatest common factor of 44 and 902?
22
What is the highest common factor of 715 and 22?
11
What is the highest common divisor of 143 and 44?
11
Calculate the highest common factor of 231 and 42.
21
Calculate the greatest common divisor of 395 and 237.
79
What is the greatest common factor of 33 and 88?
11
Calculate the greatest common divisor of 534 and 12.
6
Calculate the highest common divisor of 21384 and 88.
88
Calculate the highest common divisor of 19 and 247.
19
Calculate the greatest common divisor of 98 and 1911.
49
What is the greatest common divisor of 4387 and 41?
41
Calculate the highest common divisor of 390 and 54.
6
What is the greatest common factor of 102 and 918?
102
Calculate the highest common divisor of 26 and 4745.
13
What is the highest common divisor of 90 and 30?
30
Calculate the greatest common divisor of 48 and 624.
48
Calculate the greatest common divisor of 1903 and 33.
11
What is the highest common divisor of 874 and 361?
19
What is the highest common factor of 106 and 477?
53
Calculate the highest common factor of 58993 and 346.
173
Calculate the greatest common factor of 21 and 168.
21
Calculate the highest common factor of 6 and 9948.
6
What is the highest common divisor of 364 and 1834?
14
Calculate the greatest common factor of 1378 and 2968.
106
Calculate the highest common divisor of 37 and 3.
1
What is the greatest common divisor of 184 and 460?
92
Calculate the greatest common factor of 164 and 533.
41
Calculate the greatest common factor of 186 and 93.
93
What is the greatest common divisor of 94 and 47?
47
What is the greatest common factor of 67 and 1139?
67
Calculate the highest common factor of 18 and 232.
2
Calculate the greatest common divisor of 33 and 143.
11
Calculate the highest common factor of 224 and 16.
16
What is the highest common factor of 130 and 210?
10
Calculate the highest common factor of 705 and 15.
15
What is the greatest common factor of 195 and 1875?
15
What is the greatest common factor of 1120 and 70?
70
What is the greatest common divisor of 2 and 58?
2
Calculate the greatest common factor of 16 and 412.
4
What is the highest common divisor of 74 and 185?
37
What is the highest common divisor of 2968 and 7?
7
Calculate the highest common divisor of 186 and 78.
6
What is the greatest common divisor of 68 and 18853?
17
What is the greatest common factor of 23 and 1403?
23
Calculate the highest common factor of 60 and 190.
10
Calculate the highest common factor of 75 and 255.
15
What is the greatest common factor of 97 and 2813?
97
Calculate the highest common divisor of 5628 and 168.
84
What is the greatest common factor of 2816 and 66?
22
Calculate the greatest common factor of 1479 and 1020.
51
Calculate the greatest common factor of 1057 and 14.
7
Calculate the highest common divisor of 990 and 5.
5
What is the greatest common factor of 856 and 8?
8
What is the highest common divisor of 1344 and 126?
42
What is the greatest common factor of 396 and 144?
36
Calculate the highest common factor of 1509 and 60.
3
Calculate the highest common divisor of 132 and 12.
12
What is the greatest common divisor of 184 and 7268?
92
What is the highest common divisor of 8 and 136?
8
What is the highest common divisor of 424 and 8?
8
Calculate the highest common divisor of 2368 and 512.
64
Calculate the greatest common divisor of 930 and 15190.
310
Calculate the highest common divisor of 261 and 145.
29
What is the greatest common factor of 168 and 3?
3
Calculate the highest common factor of 5480 and 60.
20
Calculate the highest common divisor of 1536 and 48.
48
Calculate the greatest common divisor of 1745 and 5.
5
What is the highest common factor of 517 and 99?
11
What is the highest common factor of 6356 and 28?
28
Calculate the greatest common divisor of 936 and 16536.
312
Calculate the greatest common divisor of 178 and 10.
2
What is the highest common divisor of 150 and 23550?
150
Calculate the highest common divisor of 87312 and 272.
272
What is the greatest common divisor of 1912 and 104?
8
What is the greatest common factor of 11049 and 348?
87
Calculate the greatest common divisor of 20 and 6400.
20
Calculate the greatest common divisor of 2664 and 48.
24
Calculate the greatest common divisor of 192 and 204.
12
Calculate the greatest common factor of 7007 and 98.
49
Calculate the greatest common factor of 87 and 696.
87
Calculate the greatest common divisor of 11 and 495.
11
What is the highest common factor of 168 and 6264?
24
What is the greatest common divisor of 225 and 117?
9
Calculate the greatest common divisor of 279 and 909.
9
Calculate the highest common divisor of 4810 and 195.
65
What is the highest common divisor of 49915 and 335?
335
Calculate the greatest common factor of 416 and 96.
32
Calculate the highest common divisor of 118 and 2.
2
What is the greatest common factor of 92 and 621?
23
What is the greatest common factor of 31902 and 13?
13
What is the greatest common divisor of 299 and 207?
23
Calculate the highest common factor of 42975 and 225.
225
What is the highest common factor of 165 and 22?
11
Calculate the greatest common divisor of 376 and 24.
8
Calculate the greatest common factor of 75 and 350.
25
Calculate the greatest common divisor of 68 and 935.
17
What is the greatest common factor of 45 and 410?
5
What is the highest common divisor of 20 and 6220?
20
What is the greatest common factor of 8 and 9032?
8
Calculate the highest common divisor of 264 and 26.
2
Calculate the highest common factor of 273 and 455.
91
Calculate the greatest common factor of 350 and 50.
50
Calculate the highest common divisor of 5 and 16.
1
What is the greatest common factor of 225 and 2100?
75
Calculate the greatest common divisor of 82 and 902.
82
What is the greatest common divisor of 57 and 304?
19
Calculate the highest common divisor of 3704 and 4.
4
What is the greatest common divisor of 304 and 6232?
152
What is the highest common divisor of 1020 and 816?
204
What is the greatest common divisor of 485 and 10?
5
Calculate the greatest common divisor of 72 and 126.
18
Calculate the highest common divisor of 13 and 48737.
13
Calculate the highest common divisor of 297 and 495.
99
What is the greatest common divisor of 1537 and 116?
29
What is the highest common divisor of 248 and 31?
31
Calculate the highest common factor of 88 and 2.
2
Calculate the greatest common divisor of 640 and 61120.
320
Calculate the greatest common factor of 9449 and 55.
11
What is the greatest common divisor of 132 and 924?
132
What is the greatest common divisor of 26 and 3406?
26
What is the greatest common factor of 90 and 330?
30
What is the highest common factor of 20 and 20420?
20
What is the greatest common factor of 79046 and 22?
22
Calculate the greatest common divisor of 666 and 18.
18
Calculate the greatest common factor of 221 and 4862.
221
Calculate the highest common divisor of 78 and 48.
6
What is the highest common divisor of 190 and 50?
10
What is the greatest common factor of 235 and 45?
5
Calculate the greatest common divisor of 26 and 10777.
13
What is the greatest common divisor of 32 and 3112?
8
What is the greatest common factor of 51 and 6?
3
What is the greatest common divisor of 792 and 616?
88
Calculate the greatest common divisor of 4 and 263.
1
What is the highest common factor of 103 and 1?
1
What is the highest common factor of 247 and 559?
13
Calculate the greatest common factor of 752 and 517.
47
What is the greatest common factor of 162 and 18?
18
What is the greatest